{"id":2828,"date":"2025-06-29T11:02:21","date_gmt":"2025-06-29T11:02:21","guid":{"rendered":"https:\/\/schulzrentabike.com\/?page_id=2828"},"modified":"2025-06-30T16:04:27","modified_gmt":"2025-06-30T16:04:27","slug":"e-bike-orbea-urrum-30","status":"publish","type":"page","link":"https:\/\/schulzrentabike.com\/?page_id=2828","title":{"rendered":"E-Bike Orbea Urrum 30"},"content":{"rendered":"<p><img loading=\"lazy\" decoding=\"async\" class=\" size-full wp-image-945 alignnone\" src=\"https:\/\/schulzrentabike.com\/wp-content\/uploads\/2015\/04\/orbea-logo.jpg\" alt=\"orbea-logo\" width=\"140\" height=\"69\" \/><\/p>\n<p><a title=\"Bicicletas\" href=\"https:\/\/schulzrentabike.com\/?page_id=1468\"><img loading=\"lazy\" decoding=\"async\" class=\"size-full wp-image-217 alignnone\" src=\"https:\/\/schulzrentabike.com\/wp-content\/uploads\/2014\/10\/menue.png\" alt=\"menue\" width=\"108\" height=\"50\" \/><\/a><\/p>\n\n\t\t<div id='gallery-3' class='gallery galleryid-2828 gallery-columns-4 gallery-size-130 gallery1'><script type=\"text\/javascript\">\r\n\/\/ <![CDATA[\r\n\tjQuery(document).ready(function () {\r\n\t\tjQuery(\".gallery1 a\").attr(\"rel\",\"gallery1\");\t\r\n\t\tjQuery('a[rel=\"gallery1\"]').colorbox({maxWidth:\"95%\", maxHeight:\"95%\",title: function(){ return jQuery(this).children().attr(\"alt\"); }, });\r\n\t});\r\n\/\/ ]]>\r\n<\/script>\n<dl class=\"gallery-item\">\n<dt class=\"gallery-icon\">\r\n<a href=\"https:\/\/schulzrentabike.com\/wp-content\/uploads\/2025\/06\/S326TTCC-XY-SIDE-URRUN_30.jpg\" title=\"\" rel=\"gallery1\"><img loading=\"lazy\" decoding=\"async\" src=\"https:\/\/schulzrentabike.com\/wp-content\/uploads\/2025\/06\/S326TTCC-XY-SIDE-URRUN_30.jpg\" width=\"2000\" height=\"1211\" alt=\"Orbea Urrum 30\" \/><\/a>\r\n<\/dt><\/dl>\r\n\t\t\t<br style='clear: both' \/>\r\n\t\t<\/div>\n\n<p class=\"p1\"><strong>LA AVENTURA EMPIEZA AQU\u00cd<\/strong><\/p>\n<p class=\"p1\">La Orbea Urrun 30 es mucho m\u00e1s que una e-bike: es tu compa\u00f1era ideal para descubrir paisajes, subir sin esfuerzo y disfrutar cada kil\u00f3metro. Ligera, potente y con esp\u00edritu aventurero, es la hermana peque\u00f1a de la Urrun 20\u2026 pero con car\u00e1cter propio.<br \/>\nSiente la asistencia el\u00e9ctrica en cada pedalada y d\u00e9jate llevar por la monta\u00f1a.<br \/>\n<b>\u00bfListo para explorar sin l\u00edmites?<\/b><\/p>\n<p>&nbsp;<\/p>\n<table border=\"0\" width=\"475\" cellspacing=\"0\" cellpadding=\"0\" align=\"left\">\n<tbody>\n<tr>\n<td bgcolor=\"#eae9e9\"><span style=\"color: #000;\"><strong>1 d\u00eda<\/strong><\/span><\/td>\n<td bgcolor=\"#eae9e9\"><span style=\"color: #000;\"><strong>3 d\u00edas<\/strong><\/span><\/td>\n<td bgcolor=\"#eae9e9\"><span style=\"color: #000;\"><strong>7 d\u00edas<\/strong><\/span><\/td>\n<\/tr>\n<tr>\n<td bgcolor=\"#e54c34\"><span style=\"color: #ffffff;\"><span style=\"caret-color: #ffffff;\"><b>30\u20ac<\/b><\/span><\/span><\/td>\n<td bgcolor=\"#e54c34\"><span style=\"color: #fff;\"><strong>84\u20ac<\/strong><\/span><\/td>\n<td bgcolor=\"#e54c34\"><span style=\"color: #fff;\"><strong>175\u20ac<\/strong><\/span><\/td>\n<\/tr>\n<\/tbody>\n<\/table>\n<h3><\/h3>\n<h3><\/h3>\n<h3>COMPONENTES<\/h3>\n<p class=\"p1\"><strong>CUADRO:<\/strong>\u00a0Orbea Urrun Shimano Steps, Integrated battery, Hydroformed<\/p>\n<p class=\"p1\">Alloy 6061<\/p>\n<p class=\"p1\"><strong>HORQUILLA:\u00a0<\/strong>SR Suntour XCR32 LO Coil 120mm Q15x110 Boost<\/p>\n<p class=\"p1\"><strong>CAMBIO:<\/strong>\u00a0Shimano Cues U4000 GS Shadow<\/p>\n<p class=\"p1\"><strong>PLATO:<\/strong>\u00a0Alloy EP8 32t<\/p>\n<p class=\"p1\"><strong>PI\u00d1ON:<\/strong>\u00a0Shimano CS-LG300 11-46t 9-Speed<\/p>\n<p class=\"p1\"><strong>MOTOR:<\/strong>\u00a0Shimano EP600 RS Gen2 MC<\/p>\n<p class=\"p1\"><strong>BATER\u00cdA:<\/strong>\u00a0Orbea Internal 540Wh<\/p>\n<p><\/p>","protected":false},"excerpt":{"rendered":"<p>LA AVENTURA EMPIEZA AQU\u00cd La Orbea Urrun 30 es mucho m\u00e1s que una e-bike: es tu compa\u00f1era ideal para descubrir paisajes, subir sin esfuerzo y disfrutar cada kil\u00f3metro. Ligera, potente y con esp\u00edritu aventurero, es la hermana peque\u00f1a de la<\/p>\n","protected":false},"author":4,"featured_media":0,"parent":1468,"menu_order":0,"comment_status":"closed","ping_status":"closed","template":"","meta":{"footnotes":""},"class_list":["post-2828","page","type-page","status-publish","hentry"],"_links":{"self":[{"href":"https:\/\/schulzrentabike.com\/index.php?rest_route=\/wp\/v2\/pages\/2828","targetHints":{"allow":["GET"]}}],"collection":[{"href":"https:\/\/schulzrentabike.com\/index.php?rest_route=\/wp\/v2\/pages"}],"about":[{"href":"https:\/\/schulzrentabike.com\/index.php?rest_route=\/wp\/v2\/types\/page"}],"author":[{"embeddable":true,"href":"https:\/\/schulzrentabike.com\/index.php?rest_route=\/wp\/v2\/users\/4"}],"replies":[{"embeddable":true,"href":"https:\/\/schulzrentabike.com\/index.php?rest_route=%2Fwp%2Fv2%2Fcomments&post=2828"}],"version-history":[{"count":8,"href":"https:\/\/schulzrentabike.com\/index.php?rest_route=\/wp\/v2\/pages\/2828\/revisions"}],"predecessor-version":[{"id":3011,"href":"https:\/\/schulzrentabike.com\/index.php?rest_route=\/wp\/v2\/pages\/2828\/revisions\/3011"}],"up":[{"embeddable":true,"href":"https:\/\/schulzrentabike.com\/index.php?rest_route=\/wp\/v2\/pages\/1468"}],"wp:attachment":[{"href":"https:\/\/schulzrentabike.com\/index.php?rest_route=%2Fwp%2Fv2%2Fmedia&parent=2828"}],"curies":[{"name":"wp","href":"https:\/\/api.w.org\/{rel}","templated":true}]}}