{"id":2167,"date":"2019-04-11T16:47:57","date_gmt":"2019-04-11T16:47:57","guid":{"rendered":"https:\/\/schulzrentabike.com\/?page_id=2167"},"modified":"2019-04-16T14:07:45","modified_gmt":"2019-04-16T14:07:45","slug":"novedades-2019","status":"publish","type":"page","link":"https:\/\/schulzrentabike.com\/?page_id=2167","title":{"rendered":"Novedades 2019"},"content":{"rendered":"<p>Nos complace presentarles nuestras novedades para el a\u00f1o 2019 llenas de sorpresas.<\/p>\n<p>Muchas gracias a todos los que han confiado en nosotros estos a\u00f1os y a los que vienen a conocernos.<\/p>\n<p>&nbsp;<\/p>\n<table style=\"height: 152px; width: 90.1313%;\">\n<tbody>\n<tr>\n<td style=\"width: 47.3377%;\">\n<h3><img loading=\"lazy\" decoding=\"async\" class=\"aligncenter wp-image-2132 size-medium\" src=\"https:\/\/schulzrentabike.com\/wp-content\/uploads\/2019\/04\/Orbea-MX50-463x400.jpg\" alt=\"Orbea Mx50\" width=\"463\" height=\"400\" \/><\/h3>\n<\/td>\n<td style=\"text-align: center; vertical-align: middle; width: 52.2247%;\">\n<h3><span style=\"color: #8cc63f;\">Orbea MX50<\/span><\/h3>\n<p>Dise\u00f1ada especialmente para<br \/>\n<span style=\"color: #ff0000;\"><strong>divertirse <\/strong><\/span>al<strong><span style=\"color: #ff0000;\">\u00a0m\u00e1ximo estilo<\/span><\/strong> mountain Bike.<\/td>\n<\/tr>\n<tr>\n<td style=\"width: 47.3377%;\">\n<h3><img loading=\"lazy\" decoding=\"async\" class=\"aligncenter wp-image-2079 size-medium\" src=\"https:\/\/schulzrentabike.com\/wp-content\/uploads\/2019\/04\/Orbea-Alma-H50-19-1-463x400.jpg\" alt=\"Orbea Alma H50\" width=\"463\" height=\"400\" \/><\/h3>\n<\/td>\n<td style=\"text-align: center; vertical-align: middle; width: 52.2247%;\">\n<h3><span style=\"color: #8cc63f;\">Orbea Alma H50<\/span><\/h3>\n<p><span style=\"color: #ff0000;\"><b>Ligera, divertida <\/b><\/span>y<strong> <span style=\"color: #ff0000;\">m\u00e1xima aceleraci\u00f3n.<\/span><\/strong><\/td>\n<\/tr>\n<tr>\n<td style=\"width: 47.3377%;\">\n<h3><img loading=\"lazy\" decoding=\"async\" class=\"aligncenter wp-image-2127 size-medium\" src=\"https:\/\/schulzrentabike.com\/wp-content\/uploads\/2019\/04\/ORBEA-Occam-TR-H50-463x400.jpg\" alt=\"Orbea Occam TR H50\" width=\"463\" height=\"400\" \/><\/h3>\n<\/td>\n<td style=\"text-align: center; vertical-align: middle; width: 52.2247%;\">\n<h3><span style=\"color: #8cc63f;\">Orbea Occam TR H50<\/span><\/h3>\n<p>Hermana directa de la Trek Fuel EX 7.<br \/>\n<span style=\"color: #ff0000;\"><b>Un Monstruo<\/b><\/span><\/td>\n<\/tr>\n<tr>\n<td style=\"width: 47.3377%;\">\n<h3><img loading=\"lazy\" decoding=\"async\" class=\"aligncenter wp-image-2208 size-full\" src=\"https:\/\/schulzrentabike.com\/wp-content\/uploads\/2019\/04\/TrekXCaliber8.jpg\" alt=\"Trek X Caliber 8\" width=\"746\" height=\"541\" srcset=\"https:\/\/schulzrentabike.com\/wp-content\/uploads\/2019\/04\/TrekXCaliber8.jpg 746w, https:\/\/schulzrentabike.com\/wp-content\/uploads\/2019\/04\/TrekXCaliber8-500x363.jpg 500w, https:\/\/schulzrentabike.com\/wp-content\/uploads\/2019\/04\/TrekXCaliber8-689x500.jpg 689w\" sizes=\"auto, (max-width: 746px) 100vw, 746px\" \/><\/h3>\n<\/td>\n<td style=\"text-align: center; vertical-align: middle; width: 52.2247%;\">\n<h3><span style=\"color: #8cc63f;\">Trek X Caliber 8<\/span><\/h3>\n<p>Nuestra 3&#215;1,<br \/>\n<span style=\"color: #ff0000;\"><b>velocidad, diversi\u00f3n <\/b><\/span>y<b><span style=\"color: #ff0000;\"> aventuras.<\/span><\/b><\/td>\n<\/tr>\n<tr>\n<td style=\"width: 47.3377%;\">\n<h3><img loading=\"lazy\" decoding=\"async\" class=\"aligncenter wp-image-2209 size-full\" src=\"https:\/\/schulzrentabike.com\/wp-content\/uploads\/2019\/04\/OrbeaKeram2019.jpg\" alt=\"Orbea Keram 2019\" width=\"732\" height=\"502\" srcset=\"https:\/\/schulzrentabike.com\/wp-content\/uploads\/2019\/04\/OrbeaKeram2019.jpg 732w, https:\/\/schulzrentabike.com\/wp-content\/uploads\/2019\/04\/OrbeaKeram2019-500x343.jpg 500w, https:\/\/schulzrentabike.com\/wp-content\/uploads\/2019\/04\/OrbeaKeram2019-729x500.jpg 729w\" sizes=\"auto, (max-width: 732px) 100vw, 732px\" \/><\/h3>\n<\/td>\n<td style=\"text-align: center; vertical-align: middle; width: 52.2247%;\">\n<h3><span style=\"color: #8cc63f;\">Orbea Keram 2019<\/span><\/h3>\n<p>Nuevo <strong><span style=\"color: #ff0000;\">Bosch Motor 400-500Wh<\/span><\/strong><br \/>\npara disfrutar de la naturaleza<\/td>\n<\/tr>\n<tr>\n<td style=\"width: 47.3377%;\">\n<h3><img loading=\"lazy\" decoding=\"async\" class=\"aligncenter wp-image-2178 size-medium\" src=\"https:\/\/schulzrentabike.com\/wp-content\/uploads\/2019\/04\/Suzuki_VStrom_250-500x400.jpg\" alt=\"\" width=\"500\" height=\"400\" srcset=\"https:\/\/schulzrentabike.com\/wp-content\/uploads\/2019\/04\/Suzuki_VStrom_250-500x400.jpg 500w, https:\/\/schulzrentabike.com\/wp-content\/uploads\/2019\/04\/Suzuki_VStrom_250-627x500.jpg 627w, https:\/\/schulzrentabike.com\/wp-content\/uploads\/2019\/04\/Suzuki_VStrom_250.jpg 648w\" sizes=\"auto, (max-width: 500px) 100vw, 500px\" \/><\/h3>\n<\/td>\n<td style=\"text-align: center; vertical-align: middle; width: 52.2247%;\">\n<h3><span style=\"color: #8cc63f;\">Suzuki V-Strom 250<\/span><\/h3>\n<p>Estilo Trail y <strong><span style=\"color: #ff0000;\">ADN<\/span><\/strong> directo de Suzuki.<\/td>\n<\/tr>\n<tr>\n<td style=\"width: 47.3377%;\">\n<h3><img loading=\"lazy\" decoding=\"async\" class=\"wp-image-2173 size-medium aligncenter\" src=\"https:\/\/schulzrentabike.com\/wp-content\/uploads\/2019\/04\/Moto_Guzzi_V85TT-485x400.jpg\" alt=\"\" width=\"485\" height=\"400\" srcset=\"https:\/\/schulzrentabike.com\/wp-content\/uploads\/2019\/04\/Moto_Guzzi_V85TT-485x400.jpg 485w, https:\/\/schulzrentabike.com\/wp-content\/uploads\/2019\/04\/Moto_Guzzi_V85TT-607x500.jpg 607w, https:\/\/schulzrentabike.com\/wp-content\/uploads\/2019\/04\/Moto_Guzzi_V85TT.jpg 744w\" sizes=\"auto, (max-width: 485px) 100vw, 485px\" \/><\/h3>\n<\/td>\n<td style=\"text-align: center; vertical-align: middle; width: 52.2247%;\">\n<h3><span style=\"color: #8cc63f;\">Moto Guzzi V85 TT<\/span><\/h3>\n<p class=\"p1\">Con ella podr\u00e1s profundizar en las <span class=\"s1\">infinitas <\/span><span style=\"color: #ff0000;\"><strong><br \/>\nrutas de la isla<\/strong><\/span><span class=\"s1\">.<\/span><\/p>\n<\/td>\n<\/tr>\n<\/tbody>\n<\/table>\n<p>&nbsp;<\/p>","protected":false},"excerpt":{"rendered":"<p>Nos complace presentarles nuestras novedades para el a\u00f1o 2019 llenas de sorpresas. Muchas gracias a todos los que han confiado en nosotros estos a\u00f1os y a los que vienen a conocernos. &nbsp; Orbea MX50 Dise\u00f1ada especialmente para divertirse al\u00a0m\u00e1ximo estilo<\/p>\n","protected":false},"author":2,"featured_media":0,"parent":1929,"menu_order":0,"comment_status":"closed","ping_status":"closed","template":"","meta":{"footnotes":""},"class_list":["post-2167","page","type-page","status-publish","hentry"],"_links":{"self":[{"href":"https:\/\/schulzrentabike.com\/index.php?rest_route=\/wp\/v2\/pages\/2167","targetHints":{"allow":["GET"]}}],"collection":[{"href":"https:\/\/schulzrentabike.com\/index.php?rest_route=\/wp\/v2\/pages"}],"about":[{"href":"https:\/\/schulzrentabike.com\/index.php?rest_route=\/wp\/v2\/types\/page"}],"author":[{"embeddable":true,"href":"https:\/\/schulzrentabike.com\/index.php?rest_route=\/wp\/v2\/users\/2"}],"replies":[{"embeddable":true,"href":"https:\/\/schulzrentabike.com\/index.php?rest_route=%2Fwp%2Fv2%2Fcomments&post=2167"}],"version-history":[{"count":17,"href":"https:\/\/schulzrentabike.com\/index.php?rest_route=\/wp\/v2\/pages\/2167\/revisions"}],"predecessor-version":[{"id":2216,"href":"https:\/\/schulzrentabike.com\/index.php?rest_route=\/wp\/v2\/pages\/2167\/revisions\/2216"}],"up":[{"embeddable":true,"href":"https:\/\/schulzrentabike.com\/index.php?rest_route=\/wp\/v2\/pages\/1929"}],"wp:attachment":[{"href":"https:\/\/schulzrentabike.com\/index.php?rest_route=%2Fwp%2Fv2%2Fmedia&parent=2167"}],"curies":[{"name":"wp","href":"https:\/\/api.w.org\/{rel}","templated":true}]}}