{"id":1929,"date":"2018-08-20T11:07:18","date_gmt":"2018-08-20T11:07:18","guid":{"rendered":"https:\/\/schulzrentabike.com\/?page_id=1929"},"modified":"2018-08-22T18:20:27","modified_gmt":"2018-08-22T18:20:27","slug":"novedades-2018","status":"publish","type":"page","link":"https:\/\/schulzrentabike.com\/?page_id=1929","title":{"rendered":"Novedades 2018"},"content":{"rendered":"<p><img loading=\"lazy\" decoding=\"async\" class=\"alignright wp-image-1943\" src=\"https:\/\/schulzrentabike.com\/wp-content\/uploads\/2018\/08\/umweltfreundlich-mallorca.png\" alt=\"Think Green!\" width=\"250\" height=\"142\" \/>Este a\u00f1o <strong>Schulz &amp; Junior<\/strong> ha querido <span style=\"color: #8cc63f;\"><span style=\"color: #000000;\">mirar m\u00e1s por el<\/span><strong> medio ambiente<\/strong><\/span> por lo que<br \/>\nha optado por ofrecer nuevos modelos de <strong>bicis el\u00e9ctricas<\/strong> y de <strong>monta\u00f1a<\/strong>.<\/p>\n<table style=\"height: 152px; width: 90%; border: 4px solid #8CC63F;\">\n<tbody>\n<tr>\n<td style=\"width: 380px;\">\n<h3><img loading=\"lazy\" decoding=\"async\" class=\"aligncenter wp-image-1712 size-medium\" src=\"https:\/\/schulzrentabike.com\/wp-content\/uploads\/2018\/05\/Orbea-Comfort-500x400.jpg\" alt=\"Orbea Optima Comfort 400\" width=\"500\" height=\"400\" srcset=\"https:\/\/schulzrentabike.com\/wp-content\/uploads\/2018\/05\/Orbea-Comfort-500x400.jpg 500w, https:\/\/schulzrentabike.com\/wp-content\/uploads\/2018\/05\/Orbea-Comfort-627x500.jpg 627w, https:\/\/schulzrentabike.com\/wp-content\/uploads\/2018\/05\/Orbea-Comfort.jpg 700w\" sizes=\"auto, (max-width: 500px) 100vw, 500px\" \/><\/h3>\n<\/td>\n<td style=\"text-align: center; vertical-align: middle; width: 443.067px;\">\n<h3><span style=\"color: #8cc63f;\">Orbea Optima Comfort 400<\/span><\/h3>\n<p>Sencilla pero eficaz. <span style=\"color: #ff0000;\"><strong>Bosch Motor 400Wh<\/strong><\/span><\/td>\n<\/tr>\n<tr>\n<td style=\"width: 380px;\">\n<h3><img loading=\"lazy\" decoding=\"async\" class=\"aligncenter wp-image-1721 size-medium\" src=\"https:\/\/schulzrentabike.com\/wp-content\/uploads\/2018\/05\/Orbea-Optima-500-500x400.jpg\" alt=\"Orbea Optima Comfort 500\" width=\"500\" height=\"400\" srcset=\"https:\/\/schulzrentabike.com\/wp-content\/uploads\/2018\/05\/Orbea-Optima-500-500x400.jpg 500w, https:\/\/schulzrentabike.com\/wp-content\/uploads\/2018\/05\/Orbea-Optima-500-627x500.jpg 627w, https:\/\/schulzrentabike.com\/wp-content\/uploads\/2018\/05\/Orbea-Optima-500.jpg 700w\" sizes=\"auto, (max-width: 500px) 100vw, 500px\" \/><\/h3>\n<\/td>\n<td style=\"text-align: center; vertical-align: middle; width: 443.067px;\">\n<h3><span style=\"color: #8cc63f;\">Orbea Optima Comfort 500<\/span><\/h3>\n<p>Nuevo <strong><span style=\"color: #ff0000;\">Bosch Motor 500Wh<\/span><\/strong>. Eficaz,<br \/>\nmaniobrable y equilibrada<\/td>\n<\/tr>\n<tr>\n<td style=\"width: 380px;\">\n<h3><img loading=\"lazy\" decoding=\"async\" class=\"aligncenter wp-image-1695 size-medium\" src=\"https:\/\/schulzrentabike.com\/wp-content\/uploads\/2018\/05\/Orbea-Keram-500x400.jpg\" alt=\"Orbea Keram 500\" width=\"500\" height=\"400\" srcset=\"https:\/\/schulzrentabike.com\/wp-content\/uploads\/2018\/05\/Orbea-Keram-500x400.jpg 500w, https:\/\/schulzrentabike.com\/wp-content\/uploads\/2018\/05\/Orbea-Keram-627x500.jpg 627w, https:\/\/schulzrentabike.com\/wp-content\/uploads\/2018\/05\/Orbea-Keram.jpg 700w\" sizes=\"auto, (max-width: 500px) 100vw, 500px\" \/><\/h3>\n<\/td>\n<td style=\"text-align: center; vertical-align: middle; width: 443.067px;\">\n<h3><span style=\"color: #8cc63f;\">Orbea Keram 500<\/span><\/h3>\n<p>Nuevo <span style=\"color: #ff0000;\"><strong>Bosch Motor 500Wh<\/strong><\/span> para disfrutar de la<br \/>\nnaturaleza.<\/td>\n<\/tr>\n<tr>\n<td style=\"width: 380px;\">\n<h3><img loading=\"lazy\" decoding=\"async\" class=\"aligncenter wp-image-1734 size-medium\" src=\"https:\/\/schulzrentabike.com\/wp-content\/uploads\/2018\/05\/e-bike.Haibike-Nine-500x400.jpg\" alt=\"Haibike SDURO Hardnine 2.0\" width=\"500\" height=\"400\" srcset=\"https:\/\/schulzrentabike.com\/wp-content\/uploads\/2018\/05\/e-bike.Haibike-Nine-500x400.jpg 500w, https:\/\/schulzrentabike.com\/wp-content\/uploads\/2018\/05\/e-bike.Haibike-Nine-627x500.jpg 627w, https:\/\/schulzrentabike.com\/wp-content\/uploads\/2018\/05\/e-bike.Haibike-Nine.jpg 700w\" sizes=\"auto, (max-width: 500px) 100vw, 500px\" \/><\/h3>\n<\/td>\n<td style=\"text-align: center; vertical-align: middle; width: 443.067px;\">\n<h3><span style=\"color: #8cc63f;\">Haibike SDURO Hardnine 2.0<\/span><\/h3>\n<p>Nuevo <span style=\"color: #ff0000;\"><strong>Yamaha Lithium Ionen 400 Wh<\/strong><\/span>, nuestro<br \/>\npeque\u00f1o todoterreno.<\/td>\n<\/tr>\n<tr>\n<td style=\"width: 380px;\">\n<h3><img loading=\"lazy\" decoding=\"async\" class=\"aligncenter wp-image-1739 size-medium\" src=\"https:\/\/schulzrentabike.com\/wp-content\/uploads\/2018\/05\/Orbea-Orca-500x400.jpg\" alt=\"Orbea Orca M20\" width=\"500\" height=\"400\" srcset=\"https:\/\/schulzrentabike.com\/wp-content\/uploads\/2018\/05\/Orbea-Orca-500x400.jpg 500w, https:\/\/schulzrentabike.com\/wp-content\/uploads\/2018\/05\/Orbea-Orca-627x500.jpg 627w, https:\/\/schulzrentabike.com\/wp-content\/uploads\/2018\/05\/Orbea-Orca.jpg 700w\" sizes=\"auto, (max-width: 500px) 100vw, 500px\" \/><\/h3>\n<\/td>\n<td style=\"text-align: center; vertical-align: middle; width: 443.067px;\">\n<h3><span style=\"color: #8cc63f;\">Orbea Orca M20<\/span><\/h3>\n<p>Ideal para los clientes m\u00e1s <span style=\"color: #ff0000;\"><strong>exigentes<\/strong><\/span>.<\/td>\n<\/tr>\n<tr>\n<td style=\"width: 380px;\">\n<h3><img loading=\"lazy\" decoding=\"async\" class=\"aligncenter wp-image-1958 size-full\" src=\"https:\/\/schulzrentabike.com\/wp-content\/uploads\/2018\/08\/trek_fuel_ex5.jpg\" alt=\"Fahrradverleih Cala Ratjada\" width=\"500\" height=\"400\" \/><\/h3>\n<\/td>\n<td style=\"text-align: center; vertical-align: middle; width: 443.067px;\">\n<h3><span style=\"color: #8cc63f;\">Trek Fuel EX 5<\/span><\/h3>\n<p><strong><span style=\"color: #ff0000;\">Confianza<\/span> <\/strong>y <strong><span style=\"color: #ff0000;\">capacidad<\/span> <\/strong>para rodar<br \/>\nsobre cualquier obst\u00e1culo.<\/td>\n<\/tr>\n<tr>\n<td style=\"width: 380px;\">\n<h3><img loading=\"lazy\" decoding=\"async\" class=\"aligncenter wp-image-1959 size-full\" src=\"https:\/\/schulzrentabike.com\/wp-content\/uploads\/2018\/08\/trek_x_caliber_8.jpeg\" alt=\"Fahrradverleih Cala Ratjada\" width=\"500\" height=\"400\" \/><\/h3>\n<\/td>\n<td style=\"text-align: center; vertical-align: middle; width: 443.067px;\">\n<h3><span style=\"color: #8cc63f;\">Trek X Caliber 8<\/span><\/h3>\n<p>Nuestra 2&#215;1, <span style=\"color: #ff0000;\"><strong>velocidad<\/strong> <\/span>y <strong><span style=\"color: #ff0000;\">diversi\u00f3n<\/span><\/strong>.<\/td>\n<\/tr>\n<tr>\n<td style=\"width: 380px;\">\n<h3><img loading=\"lazy\" decoding=\"async\" class=\"aligncenter wp-image-1960 size-full\" src=\"https:\/\/schulzrentabike.com\/wp-content\/uploads\/2018\/08\/trek_x_caliber_7.jpeg\" alt=\"Fahrradverleih Cala Ratjada\" width=\"500\" height=\"400\" \/><\/h3>\n<\/td>\n<td style=\"text-align: center; vertical-align: middle; width: 443.067px;\">\n<h3><span style=\"color: #8cc63f;\">Trek X Caliber 7<\/span><\/h3>\n<p>Descubre tu pasi\u00f3n con esta Trek y vive<br \/>\n<strong><span style=\"color: #ff0000;\">aventuras inolvidables<\/span><\/strong>.<\/td>\n<\/tr>\n<tr>\n<td style=\"width: 380px;\">\n<h3><img loading=\"lazy\" decoding=\"async\" class=\"aligncenter wp-image-1961 size-full\" src=\"https:\/\/schulzrentabike.com\/wp-content\/uploads\/2018\/08\/orbea_mx_30.jpg\" alt=\"Fahrradverleih Cala Ratjada\" width=\"500\" height=\"400\" \/><\/h3>\n<\/td>\n<td style=\"text-align: center; vertical-align: middle; width: 443.067px;\">\n<h3><span style=\"color: #8cc63f;\">Orbea MX30<\/span><\/h3>\n<p>Destaca por su <span style=\"color: #ff0000;\"><strong>comodidad<\/strong> <\/span>y <strong><span style=\"color: #ff0000;\">versatilidad<\/span><\/strong>.<\/td>\n<\/tr>\n<tr>\n<td style=\"width: 380px;\">\n<h3><img loading=\"lazy\" decoding=\"async\" class=\"aligncenter wp-image-1812 size-medium\" src=\"https:\/\/schulzrentabike.com\/wp-content\/uploads\/2018\/05\/Suzuki-Burgman-400-1-500x400.jpg\" alt=\"Suzuki Burgman 400\" width=\"500\" height=\"400\" srcset=\"https:\/\/schulzrentabike.com\/wp-content\/uploads\/2018\/05\/Suzuki-Burgman-400-1-500x400.jpg 500w, https:\/\/schulzrentabike.com\/wp-content\/uploads\/2018\/05\/Suzuki-Burgman-400-1-627x500.jpg 627w, https:\/\/schulzrentabike.com\/wp-content\/uploads\/2018\/05\/Suzuki-Burgman-400-1.jpg 700w\" sizes=\"auto, (max-width: 500px) 100vw, 500px\" \/><\/h3>\n<\/td>\n<td style=\"text-align: center; vertical-align: middle; width: 443.067px;\">\n<h3>Suzuki Burgman 400<\/h3>\n<p>Les presentamos la nueva <strong><span style=\"color: #ff0000;\">MAXISCOOTER<\/span> <\/strong>de Suzuki.<\/td>\n<\/tr>\n<\/tbody>\n<\/table>\n<p>&nbsp;<\/p>","protected":false},"excerpt":{"rendered":"<p>Este a\u00f1o Schulz &amp; Junior ha querido mirar m\u00e1s por el medio ambiente por lo que ha optado por ofrecer nuevos modelos de bicis el\u00e9ctricas y de monta\u00f1a. Orbea Optima Comfort 400 Sencilla pero eficaz. Bosch Motor 400Wh Orbea Optima<\/p>\n","protected":false},"author":1,"featured_media":0,"parent":0,"menu_order":0,"comment_status":"closed","ping_status":"closed","template":"","meta":{"footnotes":""},"class_list":["post-1929","page","type-page","status-publish","hentry"],"_links":{"self":[{"href":"https:\/\/schulzrentabike.com\/index.php?rest_route=\/wp\/v2\/pages\/1929","targetHints":{"allow":["GET"]}}],"collection":[{"href":"https:\/\/schulzrentabike.com\/index.php?rest_route=\/wp\/v2\/pages"}],"about":[{"href":"https:\/\/schulzrentabike.com\/index.php?rest_route=\/wp\/v2\/types\/page"}],"author":[{"embeddable":true,"href":"https:\/\/schulzrentabike.com\/index.php?rest_route=\/wp\/v2\/users\/1"}],"replies":[{"embeddable":true,"href":"https:\/\/schulzrentabike.com\/index.php?rest_route=%2Fwp%2Fv2%2Fcomments&post=1929"}],"version-history":[{"count":25,"href":"https:\/\/schulzrentabike.com\/index.php?rest_route=\/wp\/v2\/pages\/1929\/revisions"}],"predecessor-version":[{"id":1962,"href":"https:\/\/schulzrentabike.com\/index.php?rest_route=\/wp\/v2\/pages\/1929\/revisions\/1962"}],"wp:attachment":[{"href":"https:\/\/schulzrentabike.com\/index.php?rest_route=%2Fwp%2Fv2%2Fmedia&parent=1929"}],"curies":[{"name":"wp","href":"https:\/\/api.w.org\/{rel}","templated":true}]}}