{"id":1309,"date":"2017-03-21T18:48:32","date_gmt":"2017-03-21T18:48:32","guid":{"rendered":"https:\/\/schulzrentabike.com\/?page_id=1309"},"modified":"2018-08-20T17:43:11","modified_gmt":"2018-08-20T17:43:11","slug":"novedades-2017","status":"publish","type":"page","link":"https:\/\/schulzrentabike.com\/?page_id=1309","title":{"rendered":"Novedades 2017"},"content":{"rendered":"<p><\/p>\n<h2><img loading=\"lazy\" decoding=\"async\" class=\"wp-image-1310 size-full alignnone\" src=\"https:\/\/schulzrentabike.com\/wp-content\/uploads\/2017\/03\/eicma-schulz-rent-a-bike.jpg\" alt=\"Schulz Rent a Bike\" width=\"389\" height=\"115\" \/><\/h2>\n<h2>NOVEDADES 2017<\/h2>\n<p>Las primeras y la \u00fanicas en la zona de Levante. Presentadas el 10 &#8211; 13 de Noviembre del 2016, en el<br \/>\nsal\u00f3n de motos m\u00e1s grande del mundo, EICMA.<\/p>\n<table style=\"height: 152px; width: 90%;\">\n<tbody>\n<tr>\n<td style=\"width: 381px;\">\n<h3><img loading=\"lazy\" decoding=\"async\" class=\"aligncenter wp-image-1313 size-full\" src=\"https:\/\/schulzrentabike.com\/wp-content\/uploads\/2017\/03\/Aprilia-Tuono-125.jpg\" alt=\"Aprilia Tuono 125\" width=\"460\" height=\"351\" \/><\/h3>\n<\/td>\n<td style=\"text-align: center; vertical-align: middle; width: 418.317px;\">\n<h3>Aprilia Tuono 125<\/h3>\n<p>Para los que buscan un <span style=\"color: #ff0000;\"><strong>naked deportiva<\/strong><\/span> de<br \/>\n125, aqui tiene la Aprilia Tuono 125<\/td>\n<\/tr>\n<tr>\n<td style=\"width: 381px;\">\n<h3><img loading=\"lazy\" decoding=\"async\" class=\"aligncenter wp-image-1314 size-medium\" src=\"https:\/\/schulzrentabike.com\/wp-content\/uploads\/2017\/03\/Piaggio-Vespa-Sprint-125-391x400.jpg\" alt=\"Piaggio Vespa Sprint 125\" width=\"391\" height=\"400\" srcset=\"https:\/\/schulzrentabike.com\/wp-content\/uploads\/2017\/03\/Piaggio-Vespa-Sprint-125-391x400.jpg 391w, https:\/\/schulzrentabike.com\/wp-content\/uploads\/2017\/03\/Piaggio-Vespa-Sprint-125.jpg 460w\" sizes=\"auto, (max-width: 391px) 100vw, 391px\" \/><\/h3>\n<\/td>\n<td style=\"text-align: center; vertical-align: middle; width: 418.317px;\">\n<h3>Piaggio Vespa<br \/>\nSprint 125<\/h3>\n<p>El retorno del legendario \u201c<span style=\"color: #ff0000;\"><strong>Vespino<\/strong><\/span>\u201d<\/td>\n<\/tr>\n<tr>\n<td style=\"width: 381px;\">\n<h3><img loading=\"lazy\" decoding=\"async\" class=\"aligncenter wp-image-1315 size-medium\" src=\"https:\/\/schulzrentabike.com\/wp-content\/uploads\/2017\/03\/Piaggio-Medley-125-424x400.jpg\" alt=\"Piaggio Medley 125\" width=\"424\" height=\"400\" srcset=\"https:\/\/schulzrentabike.com\/wp-content\/uploads\/2017\/03\/Piaggio-Medley-125-424x400.jpg 424w, https:\/\/schulzrentabike.com\/wp-content\/uploads\/2017\/03\/Piaggio-Medley-125.jpg 460w\" sizes=\"auto, (max-width: 424px) 100vw, 424px\" \/><\/h3>\n<\/td>\n<td style=\"text-align: center; vertical-align: middle; width: 418.317px;\">\n<h3>Piaggio Medley 125<\/h3>\n<p><span style=\"color: #ff0000;\"><strong>Elegancia, confort y misterio<\/strong><\/span> con la nueva<br \/>\nPiaggio Medley 125.<\/td>\n<\/tr>\n<tr>\n<td style=\"width: 381px;\">\n<h3><img loading=\"lazy\" decoding=\"async\" class=\"aligncenter wp-image-1316 size-medium\" src=\"https:\/\/schulzrentabike.com\/wp-content\/uploads\/2017\/03\/Piaggio-Vespa-GTS-Super-125-415x400.jpg\" alt=\"Piaggio Vespa GTS Super 125\" width=\"415\" height=\"400\" srcset=\"https:\/\/schulzrentabike.com\/wp-content\/uploads\/2017\/03\/Piaggio-Vespa-GTS-Super-125-415x400.jpg 415w, https:\/\/schulzrentabike.com\/wp-content\/uploads\/2017\/03\/Piaggio-Vespa-GTS-Super-125.jpg 460w\" sizes=\"auto, (max-width: 415px) 100vw, 415px\" \/><\/h3>\n<\/td>\n<td style=\"text-align: center; vertical-align: middle; width: 418.317px;\">\n<h3>Piaggio Vespa GTS Super 125<\/h3>\n<p>El Piaggio Vespa GTS Super<br \/>\npresenta una acertada<br \/>\n<span style=\"color: #ff0000;\"><strong>combinaci\u00f3n de estilo, t\u00e9cnica,<\/strong><\/span><br \/>\n<span style=\"color: #ff0000;\"><strong>tecnolog\u00eda y practicidad.<\/strong><\/span><\/td>\n<\/tr>\n<tr>\n<td style=\"width: 381px;\">\n<h3><img loading=\"lazy\" decoding=\"async\" class=\"aligncenter wp-image-1320 size-full\" src=\"https:\/\/schulzrentabike.com\/wp-content\/uploads\/2017\/03\/Intruder-M800.jpg\" alt=\"Intruder M 800\" width=\"460\" height=\"298\" \/><\/h3>\n<\/td>\n<td style=\"text-align: center; vertical-align: middle; width: 418.317px;\">\n<h3>Intruder M800<\/h3>\n<p>Una <span style=\"color: #ff0000;\"><strong>Cruiser<\/strong> <\/span>de altas prestaciones y<br \/>\navanzada e impactante imagen, de<br \/>\nl\u00edneas aerodin\u00e1micas y brillantes detalles.<\/td>\n<\/tr>\n<\/tbody>\n<\/table>\n<p>&nbsp;<\/p>","protected":false},"excerpt":{"rendered":"<p>NOVEDADES 2017 Las primeras y la \u00fanicas en la zona de Levante. Presentadas el 10 &#8211; 13 de Noviembre del 2016, en el sal\u00f3n de motos m\u00e1s grande del mundo, EICMA. Aprilia Tuono 125 Para los que buscan un naked<\/p>\n","protected":false},"author":1,"featured_media":0,"parent":1929,"menu_order":0,"comment_status":"closed","ping_status":"closed","template":"","meta":{"footnotes":""},"class_list":["post-1309","page","type-page","status-publish","hentry"],"_links":{"self":[{"href":"https:\/\/schulzrentabike.com\/index.php?rest_route=\/wp\/v2\/pages\/1309","targetHints":{"allow":["GET"]}}],"collection":[{"href":"https:\/\/schulzrentabike.com\/index.php?rest_route=\/wp\/v2\/pages"}],"about":[{"href":"https:\/\/schulzrentabike.com\/index.php?rest_route=\/wp\/v2\/types\/page"}],"author":[{"embeddable":true,"href":"https:\/\/schulzrentabike.com\/index.php?rest_route=\/wp\/v2\/users\/1"}],"replies":[{"embeddable":true,"href":"https:\/\/schulzrentabike.com\/index.php?rest_route=%2Fwp%2Fv2%2Fcomments&post=1309"}],"version-history":[{"count":22,"href":"https:\/\/schulzrentabike.com\/index.php?rest_route=\/wp\/v2\/pages\/1309\/revisions"}],"predecessor-version":[{"id":1950,"href":"https:\/\/schulzrentabike.com\/index.php?rest_route=\/wp\/v2\/pages\/1309\/revisions\/1950"}],"up":[{"embeddable":true,"href":"https:\/\/schulzrentabike.com\/index.php?rest_route=\/wp\/v2\/pages\/1929"}],"wp:attachment":[{"href":"https:\/\/schulzrentabike.com\/index.php?rest_route=%2Fwp%2Fv2%2Fmedia&parent=1309"}],"curies":[{"name":"wp","href":"https:\/\/api.w.org\/{rel}","templated":true}]}}