{"id":1019,"date":"2015-05-06T12:07:36","date_gmt":"2015-05-06T12:07:36","guid":{"rendered":"https:\/\/schulzrentabike.com\/?page_id=1019"},"modified":"2024-03-28T17:34:57","modified_gmt":"2024-03-28T17:34:57","slug":"trek-fuel-ex5-negro-verde","status":"publish","type":"page","link":"https:\/\/schulzrentabike.com\/?page_id=1019","title":{"rendered":"Orbea Occam TR H50 19"},"content":{"rendered":"<p><img loading=\"lazy\" decoding=\"async\" class=\"alignnone wp-image-945 size-full\" src=\"https:\/\/schulzrentabike.com\/wp-content\/uploads\/2015\/04\/orbea-logo.jpg\" alt=\"\" width=\"140\" height=\"69\" \/><\/p>\n<p><a title=\"Bicicletas\" href=\"https:\/\/schulzrentabike.com\/?page_id=15\"><img loading=\"lazy\" decoding=\"async\" class=\"size-full wp-image-217 alignnone\" src=\"https:\/\/schulzrentabike.com\/wp-content\/uploads\/2014\/10\/menue.png\" alt=\"menue\" width=\"108\" height=\"50\" \/><\/a><\/p>\n\n\t\t<div id='gallery-3' class='gallery galleryid-1019 gallery-columns-4 gallery-size-130 gallery1'><script type=\"text\/javascript\">\r\n\/\/ <![CDATA[\r\n\tjQuery(document).ready(function () {\r\n\t\tjQuery(\".gallery1 a\").attr(\"rel\",\"gallery1\");\t\r\n\t\tjQuery('a[rel=\"gallery1\"]').colorbox({maxWidth:\"95%\", maxHeight:\"95%\",title: function(){ return jQuery(this).children().attr(\"alt\"); }, });\r\n\t});\r\n\/\/ ]]>\r\n<\/script>\n<dl class=\"gallery-item\">\n<dt class=\"gallery-icon\">\r\n<a href=\"https:\/\/schulzrentabike.com\/wp-content\/uploads\/2019\/04\/ORBEA-Occam-TR-H50.jpg\" title=\"\" rel=\"gallery1\"><img loading=\"lazy\" decoding=\"async\" src=\"https:\/\/schulzrentabike.com\/wp-content\/uploads\/2019\/04\/ORBEA-Occam-TR-H50.jpg\" width=\"463\" height=\"400\" alt=\"\" \/><\/a>\r\n<\/dt><\/dl><dl class=\"gallery-item\">\n<dt class=\"gallery-icon\">\r\n<a href=\"https:\/\/schulzrentabike.com\/wp-content\/uploads\/2019\/04\/Orbea-Occam-TR-H50-2.jpg\" title=\"\" rel=\"gallery1\"><img loading=\"lazy\" decoding=\"async\" src=\"https:\/\/schulzrentabike.com\/wp-content\/uploads\/2019\/04\/Orbea-Occam-TR-H50-2.jpg\" width=\"533\" height=\"400\" alt=\"\" \/><\/a>\r\n<\/dt><\/dl>\r\n\t\t\t<br style='clear: both' \/>\r\n\t\t<\/div>\n\n<p>PARA LOS M\u00c1S EXIGENTES.<\/p>\n<p>Las nuevas Occam vienen llenas de novedades, pasando a ser unas de las trail de doble suspensi\u00f3n m\u00e1s populares del mundo. Tanto si es tu primera salida por senderos, como si llevas cientos de kil\u00f3metros en las piernas, la nueva Occam te va a encantar. Ven a por ella.<\/p>\n<table border=\"0\" width=\"475\" cellspacing=\"0\" cellpadding=\"0\" align=\"left\">\n<tbody>\n<tr>\n<td bgcolor=\"#eae9e9\"><span style=\"color: #000;\"><strong>1 d\u00eda<\/strong><\/span><\/td>\n<td bgcolor=\"#eae9e9\"><span style=\"color: #000;\"><strong>3 d\u00edas<\/strong><\/span><\/td>\n<td bgcolor=\"#eae9e9\"><span style=\"color: #000;\"><strong>7 d\u00edas<\/strong><\/span><\/td>\n<\/tr>\n<tr>\n<td bgcolor=\"#e54c34\"><span style=\"color: #fff;\"><strong>20\u20ac<\/strong><\/span><\/td>\n<td bgcolor=\"#e54c34\"><span style=\"color: #fff;\"><strong>50\u20ac<\/strong><\/span><\/td>\n<td bgcolor=\"#e54c34\"><span style=\"color: #fff;\"><strong>115\u20ac<\/strong><\/span><\/td>\n<\/tr>\n<\/tbody>\n<\/table>\n<h3>COMPONENTES<\/h3>\n<p><strong>CUADRO<\/strong><\/p>\n<p>Orbea Occam TR 2018 Hydro Triple Butted 120mm travel 29\/27.5+ C-Boost 12&#215;148 PF<\/p>\n<p><strong>AMORTIGUADOR<\/strong><\/p>\n<p>Fox Float DPS Performance 3-Position Evol custom tune 184x44mm<\/p>\n<p><b>MANETAS<\/b><\/p>\n<p>Shimano SLX M7000<\/p>\n<p><strong>CAMBIO<\/strong><\/p>\n<p>Shimano XT M8000 GS Shadow Plus Direct Mount<\/p>\n<p><strong>DESVIADOR<\/strong><\/p>\n<p>Shimano SLX M7020 Direct mount<\/p>\n<p><strong>MANILLAR<\/strong><\/p>\n<p>Orbea OC-II Flat 760mm<\/p>","protected":false},"excerpt":{"rendered":"<p>PARA LOS M\u00c1S EXIGENTES. Las nuevas Occam vienen llenas de novedades, pasando a ser unas de las trail de doble suspensi\u00f3n m\u00e1s populares del mundo. Tanto si es tu primera salida por senderos, como si llevas cientos de kil\u00f3metros en<\/p>\n","protected":false},"author":1,"featured_media":0,"parent":15,"menu_order":0,"comment_status":"closed","ping_status":"open","template":"","meta":{"footnotes":""},"class_list":["post-1019","page","type-page","status-publish","hentry"],"_links":{"self":[{"href":"https:\/\/schulzrentabike.com\/index.php?rest_route=\/wp\/v2\/pages\/1019","targetHints":{"allow":["GET"]}}],"collection":[{"href":"https:\/\/schulzrentabike.com\/index.php?rest_route=\/wp\/v2\/pages"}],"about":[{"href":"https:\/\/schulzrentabike.com\/index.php?rest_route=\/wp\/v2\/types\/page"}],"author":[{"embeddable":true,"href":"https:\/\/schulzrentabike.com\/index.php?rest_route=\/wp\/v2\/users\/1"}],"replies":[{"embeddable":true,"href":"https:\/\/schulzrentabike.com\/index.php?rest_route=%2Fwp%2Fv2%2Fcomments&post=1019"}],"version-history":[{"count":20,"href":"https:\/\/schulzrentabike.com\/index.php?rest_route=\/wp\/v2\/pages\/1019\/revisions"}],"predecessor-version":[{"id":2779,"href":"https:\/\/schulzrentabike.com\/index.php?rest_route=\/wp\/v2\/pages\/1019\/revisions\/2779"}],"up":[{"embeddable":true,"href":"https:\/\/schulzrentabike.com\/index.php?rest_route=\/wp\/v2\/pages\/15"}],"wp:attachment":[{"href":"https:\/\/schulzrentabike.com\/index.php?rest_route=%2Fwp%2Fv2%2Fmedia&parent=1019"}],"curies":[{"name":"wp","href":"https:\/\/api.w.org\/{rel}","templated":true}]}}